{"id":233,"date":"2023-09-17T17:41:50","date_gmt":"2023-09-17T20:41:50","guid":{"rendered":"https:\/\/smeaguaslindas.com\/videos\/?page_id=233"},"modified":"2023-11-26T11:38:11","modified_gmt":"2023-11-26T14:38:11","slug":"secretario-escolar","status":"publish","type":"page","link":"https:\/\/smeaguaslindas.com\/videos\/secretario-escolar\/","title":{"rendered":"Portal do Secret\u00e1rio Escolar"},"content":{"rendered":"<h4><strong>Lista Piloto em Ordem alfab\u00e9tica<\/strong><\/h4>\n<p><iframe title=\"YouTube video player\" src=\"https:\/\/www.youtube.com\/embed\/gqXMsLywdj8?si=a0AmusJFYfVtGUdp\" width=\"840\" height=\"480\" frameborder=\"0\" allowfullscreen=\"allowfullscreen\"><\/iframe><\/p>\n<h4><strong>Remo\u00e7\u00e3o de Alunos da Lista Piloto<\/strong><\/h4>\n<p><iframe title=\"YouTube video player\" src=\"https:\/\/www.youtube.com\/embed\/yWHnX6P6Xbg?si=cAaU_1LO_DWqUfdp\" width=\"840\" height=\"480\" frameborder=\"0\" allowfullscreen=\"allowfullscreen\"><\/iframe><\/p>\n<h4><strong>Realiza\u00e7\u00e3o de Matr\u00edcula dos alunos oriundos da Portal de matr\u00edcula Online \u2014 GIER<\/strong><\/h4>\n<p><iframe title=\"YouTube video player\" src=\"https:\/\/www.youtube.com\/embed\/kaMugZzLfHc?si=luJS9lHJIL84WRJ1\" width=\"840\" height=\"480\" frameborder=\"0\" allowfullscreen=\"allowfullscreen\"><\/iframe><\/p>\n<h4><strong>Efetiva\u00e7\u00e3o de Renova\u00e7\u00e3o de Matr\u00edcula<\/strong><\/h4>\n<p><iframe title=\"YouTube video player\" src=\"https:\/\/www.youtube.com\/embed\/hv9avnPIgcY?si=q9SmZ-XSDwxOYrzJ\" width=\"840\" height=\"480\" frameborder=\"0\" allowfullscreen=\"allowfullscreen\"><\/iframe><\/p>\n<h4><strong>Aloca\u00e7\u00e3o de Professor na Turma<\/strong><\/h4>\n<p><iframe title=\"YouTube video player\" src=\"https:\/\/www.youtube.com\/embed\/LQKWZfAh2q8?si=VxOfSi4yHnNZxwLb&amp;controls=0\" width=\"840\" height=\"480\" frameborder=\"0\" allowfullscreen=\"allowfullscreen\"><span data-mce-type=\"bookmark\" style=\"display: inline-block; width: 0px; overflow: hidden; line-height: 0;\" class=\"mce_SELRES_start\">\ufeff<\/span><\/iframe><\/p>\n","protected":false},"excerpt":{"rendered":"<p>Lista Piloto em Ordem alfab\u00e9tica Remo\u00e7\u00e3o de Alunos da Lista Piloto Realiza\u00e7\u00e3o de Matr\u00edcula dos alunos oriundos da Portal de matr\u00edcula Online \u2014 GIER Efetiva\u00e7\u00e3o de Renova\u00e7\u00e3o de Matr\u00edcula Aloca\u00e7\u00e3o de Professor na Turma \ufeff<\/p>\n","protected":false},"author":1,"featured_media":0,"parent":0,"menu_order":0,"comment_status":"closed","ping_status":"closed","template":"","meta":{"site-sidebar-layout":"default","site-content-layout":"","ast-site-content-layout":"default","site-content-style":"default","site-sidebar-style":"default","ast-global-header-display":"","ast-banner-title-visibility":"","ast-main-header-display":"","ast-hfb-above-header-display":"","ast-hfb-below-header-display":"","ast-hfb-mobile-header-display":"","site-post-title":"","ast-breadcrumbs-content":"","ast-featured-img":"","footer-sml-layout":"","theme-transparent-header-meta":"default","adv-header-id-meta":"","stick-header-meta":"","header-above-stick-meta":"","header-main-stick-meta":"","header-below-stick-meta":"","astra-migrate-meta-layouts":"set","footnotes":""},"class_list":["post-233","page","type-page","status-publish","hentry"],"_links":{"self":[{"href":"https:\/\/smeaguaslindas.com\/videos\/wp-json\/wp\/v2\/pages\/233","targetHints":{"allow":["GET"]}}],"collection":[{"href":"https:\/\/smeaguaslindas.com\/videos\/wp-json\/wp\/v2\/pages"}],"about":[{"href":"https:\/\/smeaguaslindas.com\/videos\/wp-json\/wp\/v2\/types\/page"}],"author":[{"embeddable":true,"href":"https:\/\/smeaguaslindas.com\/videos\/wp-json\/wp\/v2\/users\/1"}],"replies":[{"embeddable":true,"href":"https:\/\/smeaguaslindas.com\/videos\/wp-json\/wp\/v2\/comments?post=233"}],"version-history":[{"count":9,"href":"https:\/\/smeaguaslindas.com\/videos\/wp-json\/wp\/v2\/pages\/233\/revisions"}],"predecessor-version":[{"id":292,"href":"https:\/\/smeaguaslindas.com\/videos\/wp-json\/wp\/v2\/pages\/233\/revisions\/292"}],"wp:attachment":[{"href":"https:\/\/smeaguaslindas.com\/videos\/wp-json\/wp\/v2\/media?parent=233"}],"curies":[{"name":"wp","href":"https:\/\/api.w.org\/{rel}","templated":true}]}}